+ 11*n + 29. Determine d(14).
-13
Let l(v) = 3*v**2 + 6*v - 7. What is l(-4)?
17
Let w(t) = -t**3 - 4*t**2 + t - 1. Determine w(-5).
19
Let d(c) = 84*c**3 + c**2 - c + 1. Determine d(1).
85
Let w(f) = -f + 4. Give w(4).
0
Let q(f) = -f**2 - 15*f - 22. What is q(-13)?
4
Let p(t) = t**2 + 9*t + 18. Give p(-8).
10
Let c(y) = y**2 - 2. Give c(3).
7
Let g(l) = l**2 + 13*l - 13. Calculate g(-13).
-13
Let l(f) = 5*f**2 + 3*f - 3. Determine l(-3).
33
Let i(h) = h**2 + 6*h + 8. Calculate i(-7).
15
Let s(j) = 3*j**2 - j - 2. Calculate s(3).
22
Let j(x) = -x + 11. Give j(5).
6
Let v(c) = c**2 + 32*c + 159. Determine v(-6).
3
Let m(y) = 3*y + 16. Calculate m(9).
43
Let i(n) = n**3 + 6*n**2 - 5*n - 8. What is i(-5)?
42
Let m(d) = 3*d + 16. Give m(-5).
1
Let i(q) = 3*q - 27. Calculate i(11).
6
Let c(u) = u**3 + 4*u**2 - 7*u - 10. Determine c(-5).
0
Let o(r) = -r**2 - 4*r. What is o(4)?
-32
Let v(x) = x**2 - 30*x - 106. Determine v(33).
-7
Let v(t) = -t**2 + 6*t - 9. Determine v(4).
-1
Let b(g) = g**2 - 15*g + 11. Give b(14).
-3
Let r(t) = 2*t**2 + 5*t + 2. Determine r(-4).
14
Let v(k) = 4*k**3 - k**2 - 2*k - 2. Determine v(-1).
-5
Let p(h) = h**2 + 10*h - 11. Calculate p(-12).
13
Let c(p) = -p**3 + 16*p**2 - 15*p - 9. What is c(15)?
-9
Let j(b) = b**3 + 4*b**2 + b + 3. Give j(-3).
9
Let u(j) = j**3 + 3*j**2 + j + 4. Calculate u(-3).
1
Let p(z) = 5*z**2 - 15*z + 14. Calculate p(6).
104
Let q(c) = 3*c - 3. Calculate q(-5).
-18
Let c(q) = q + 9. Give c(-14).
-5
Let p(x) = x**2 + 10*x + 5. Determine p(-8).
-11
Let w(d) = -2*d + 19. Give w(11).
-3
Let r(y) = -y**3 - y**2 + y + 6. Give r(3).
-27
Let p(o) = o**3 + 14*o**2 + 10*o - 11. Give p(-13).
28
Let l(m) = -6*m**3 + 2*m**2 - 2*m + 3. What is l(2)?
-41
Let q(k) = k**2 - k + 3. Give q(3).
9
Let s(k) = -k**2 + 22*k - 42. Calculate s(20).
-2
Let z(n) = n + 25. Calculate z(-12).
13
Let a(f) = f + 12. Give a(0).
12
Let i(h) = 29*h - 180. Calculate i(6).
-6
Let o(g) = -51*g**3 + 3*g**2 - 6*g - 8. What is o(-1)?
52
Let m(p) = 20*p + 385. What is m(-19)?
5
Let u(w) = -23*w + 91. What is u(4)?
-1
Let z(o) = -o**3 + 14*o**2 + 22*o - 5. What is z(15)?
100
Let f(l) = l**2 - 9*l + 9. Give f(9).
9
Let k(d) = 20*d**3 - 2*d**2 - 2*d. Calculate k(-1).
-20
Let x(c) = 4*c + 18. Give x(-6).
-6
Let t(i) = i - 24. What is t(0)?
-24
Let d(f) = f**3 + 8*f**2 + 11*f + 4. Give d(-4).
24
Let c(l) = -82*l + 974. Determine c(12).
-10
Let b(k) = -10*k - 7. Calculate b(-2).
13
Let y(t) = 8*t + 21. Give y(-6).
-27
Let o(y) = y**2 + 11*y + 22. What is o(-7)?
-6
Let a(n) = -n**2 + 7*n + 64. Determine a(13).
-14
Let h(i) = 3*i**2 - 2*i - 34. What is h(-5)?
51
Let m(w) = 3*w - 7. What is m(6)?
11
Let h(a) = -10*a**3 + a + 1. Determine h(-1).
10
Let i(y) = -5*y + 19. Determine i(5).
-6
Let o(l) = l**3 + 33*l**2 - 37*l - 91. Determine o(-34).
11
Let b(d) = -d**3 - d**2 + 2*d. What is b(3)?
-30
Let o(a) = 17*a + 4. What is o(-3)?
-47
Let h(d) = d - 24. Calculate h(14).
-10
Let m(k) = -4*k + 12. What is m(3)?
0
Let f(d) = -d**3 + 5*d**2 - 3*d + 2. Calculate f(4).
6
Let m(o) = 2*o**3 + 2*o**2 + 6*o + 3. What is m(-2)?
-17
Let m(i) = i**2 + 10*i + 31. Determine m(-6).
7
Let n(h) = h**3 - 8*h**2 + 12*h - 25. Calculate n(6).
-25
Let l(c) = -5*c**2 + 5*c - 1. Give l(5).
-101
Let l(j) = -j**3 - 16*j**2 - 14*j + 22. Give l(-15).
7
Let k(d) = d**2 - 10*d + 15. Give k(10).
15
Let w(y) = -y**2 - 7*y. Determine w(-9).
-18
Let u(l) = -l + 5. Calculate u(-1).
6
Let l(c) = c**3 - c**2 - 23. Give l(0).
-23
Let w(k) = -k**2 - 26*k - 6. Calculate w(-11).
159
Let c(z) = -z - 13. Determine c(-4).
-9
Let w(k) = k**3 + 10*k**2 + 5*k - 14. Give w(-8).
74
Let k(t) = -2*t**3 - 18*t**2 - 5*t + 9. Give k(-8).
-79
Let c(b) = -2*b**3 + 11*b**2 - 7*b + 6. Give c(5).
-4
Let v(r) = -13*r + 73. Determine v(16).
-135
Let m(l) = l**3 + 17*l**2 + 14*l - 20. Calculate m(-16).
12
Let b(s) = -s**2 + s - 1. Determine b(2).
-3
Let a(n) = -n**2 + 3. What is a(3)?
-6
Let g(b) = -b**2 - 169*b + 694. What is g(4)?
2
Let o(g) = -10*g + 36. Give o(5).
-14
Let g(o) = -153*o - 895. Determine g(-6).
23
Let a(g) = 23*g - 58. What is a(3)?
11
Let m(x) = x**3 - 13*x**2 + 7*x + 65. Determine m(12).
5
Let x(v) = 3*v**2 + 27*v - 9. Calculate x(-10).
21
Let f(l) = -l**3 + 6*l**2 + 22*l - 127. Give f(5).
8
Let r(v) = -v**2 + 6*v + 17. What is r(9)?
-10
Let l(x) = -9*x + 104. Calculate l(14).
-22
Let j(q) = 2*q + 3. Determine j(-5).
-7
Let r(x) = 13*x**2 + 46*x - 8. Calculate r(-4).
16
Let r(u) = -7*u - 185. Give r(-25).
-10
Let i(w) = w**3 - 4*w**2 + w - 10. Calculate i(4).
-6
Let p(k) = -3*k - 6. Determine p(-2).
0
Let t(i) = 9*i + 1. Give t(5).
46
Let k(o) = -o - 16. Determine k(-18).
2
Let c(k) = -k**3 + 5*k**2 + 11*k - 24. Determine c(6).
6
Let p(q) = -q**3 + 11*q**2 - 5*q - 11. Determine p(11).
-66
Let c(u) = -u**3 - 14*u**2 - 14*u + 10. Calculate c(-13).
23
Let j(b) = b + 13. What is j(-14)?
-1
Let j(f) = -8*f**3 + 2*f**2 - 1. Calculate j(2).
-57
Let q(x) = -x**3 + 6*x**2 - 6*x - 4. Give q(4).
4
Let a(z) = 2*z**2 - 25*z + 3. What is a(8)?
-69
Let x(u) = -16*u + 1. Calculate x(2).
-31
Let w(t) = t**2 + 13*t - 20. Give w(-14).
-6
Let d(b) = b**3 - 5*b**2 + b + 4. What is d(6)?
46
Let b(w) = -w + 19. Give b(17).
2
Let n(b) = -b**2 - 8*b - 18. What is n(-4)?
-2
Let o(i) = i**3 - 4*i**2 - 13*i + 12. What is o(6)?
6
Let f(u) = -u**2 + 17*u - 65. Determine f(7).
5
Let c(u) = 75*u**3 - 2*u**2 + 3*u - 3. What is c(1)?
73
Let f(j) = -j - 12. Determine f(-15).
3
Let k(y) = -28*y - 27. Determine k(-2).
29
Let b(d) = d**3 - 10*d**2 - 17*d - 11. Give b(12).
73
Let x(g) = -g + 12. Determine x(26).
-14
Let z(v) = -3*v + 15. Give z(16).
-33
Let w(n) = n**2 - 2*n - 19. Give w(10).
61
Let t(j) = 63*j + 369. Calculate t(-6).
-9
Let l(y) = -y**3 - 49*y**2 - 56*y - 382. Give l(-48).
2
Let z(f) = -33*f**3 - f**2 + f + 1. Determine z(-1).
32
Let l(k) = k**3 + 6*k**2 + 3*k + 4. What is l(-7)?
-66
Let u(z) = -3*z**2 - 4*z + 6. Determine u(2).
-14
Let n(l) = l**3 - 16*l**2 + 29*l + 2. Determine n(14).
16
Let k(c) = 2*c**3 - 3*c**2 + 3*c - 12. Calculate k(3).
24
Let y(z) = 3*z**2 + z + 37. Give y(0).
37
Let c(m) = 3*m**2 + 3*m - 6. Determine c(-7).
120
Let b(i) = -i**3 - 5*i**2 + 10*i - 5. Determine b(-7).
23
Let b(m) = 3*m - 17. What is b(4)?
-5
Let y(s) = -s**3 + s**2 + s + 1. Determine y(2).
-1
Let w(v) = -19*v + 370. Calculate w(19).
9
Let o(j) = -16*j**2 + 15*j - 14. What is o(1)?
-15
Let q(f) = -f**3 - 7*f**2 + 5*f + 6. Calculate q(-7).
-29
Let q(u) = -u**3 - 15*u**2 + 17*u + 38. Determine q(-16).
22
Let l(c) = -c**2 - 11*c - 13. Determine l(-12).
-25
Let z(q) = q - 96. What is z(18)?
-78
Let l(y) = 2*y**2 + 9*y - 37. Determine l(-13).
184
Let b(n) = -n + 26. Calculate b(17).
9
Let o(v) = -v - 6. What is o(-6)?
0
Let f(r) = -38*r - 158. Determine f(-4).
-6
Let k(w) = -16*w**2 - 12*w - 12. Determine k(-1).
-16
Let c(y) = -2*y**3 + 30*y**2 + 2*y - 13. What is c(15)?
17
Let r(i) = i**3 + 7*i**2 - i - 4. Give r(-7).
3
Let y(z) = z**2 + 14*z + 42. Calculate y(-8).
-6
Let k(j) = j**3 + 10*j**2 - 78*j + 15. Give k(5).
0
Let t(w) = w**3 - 9*w**2 - 4*w - 1. What is t(9)?
-37
Let f(l) = -l**2 + 71*l + 553. What is f(78)?
7
Let s(o) = o**3 + o**2 + 2. Calculate s(0).
2
Let n(h) = -h**3 + 13*h**2 - 14*h - 1. What is n(12)?
-25
Let i(z) = -z**3 - 13*z**2 + 32*z - 6. What is i(-15)?
-36
Let r(o) = -o**2 - o + 3. What is r(-4)?
-9
Let a(z) = -z + 17. Calculate a(0).
17
Let z(t) = -7*t**2 - 56*t + 5. Determine z(-8).
5
Let h(c) = c**3 - 13*c**2 - 2*c - 6. Determine h(13).
-32
Let l(q) = -q**3 - 9*q**2 - 7*q + 11. Give l(-8).
3
Let s(b) = 27*b**2 - 1. Determine s(-1).
26
Let p(i) = -2*i**2 - 21*i + 98. Calculate p(-15).
-37
Let x(d) = -64*d**3 + d**2 - 1. Determine x(-1).
64
Let h(p) = p. What is h(7)?
7
Let b(n) = n**3 - 5*n**2 - 27*n + 23. Determine b(8).
-1
Let q(g) = -g**3 + 9*g**2 - 24*g + 10. Determine q(4).
-6
Let h(n) = -3*n - 2. What is h(10)?
-32
Let o(r) = -r**3 - 6*r**2 - 7*r - 43. Calculate o(-6).
-1
Let b(z) = -2*z**3 + 3*z**2 - 1. Calculate b(3).
-28
Let r(a) = -39*a - 73. Give r(-2).
5
Let j(c) = c**2 + 15*c + 22. Give j(-16).
38
Let u(j) = -j**2 - 7*j. Determine u(-9).
-18
Let a(x) = 8*x + 10. Calculate a(-4).
-22
Let i(p) = -p**3 + 7*p**2 + 8*p - 4. Determine i(8).
-4
Let n(g) = -39*g + 225. Determine n(6).
-9
Let 